hat are the prime factors of l?
2
Suppose 62 = -2*s - 4*i, 4*s + 3*i + 20 = -104. Let v = s - -192. List the prime factors of v.
7, 23
Let z = -64 - -49. What are the prime factors of 10/z + 10*21/18?
11
Suppose -5*s + 26 = -14. Let a = 12 - s. Suppose 5*l - 75 = -3*d, 60 - a = 2*l - 4*d. List the prime factors of l.
2, 3
Let a(t) = t**2 + 10*t + 2. Let r be a(-9). Let i = r + 12. Suppose i*w - 3*m = 3 + 5, m = 4. List the prime factors of w.
2
Let y(s) be the second derivative of -s**3/6 + 15*s**2/2 + 8*s. List the prime factors of y(3).
2, 3
Let r = -1235 + 2798. What are the prime factors of r?
3, 521
Let h(p) = 93*p**2 - 17*p - 49. List the prime factors of h(-3).
839
Let w(q) = q**3 + q + 1. Let l(n) = 4*n**3 + 4*n**2 + 11*n + 4. Let k(u) = l(u) - 5*w(u). Let i be k(5). What are the prime factors of (14/i)/(3/18)?
3, 7
Suppose 0 = -4*k - 4*d + 2380, 4*k - 874 - 1511 = d. What are the prime factors of k?
2, 149
Suppose 5*d - 225 = -3*y + 727, 0 = -2*y - d + 644. What are the prime factors of y?
2, 3
Let b(c) = 10*c**2 - 5*c + 4. Let m(u) = 11*u**2 - 6*u + 3. Let a(t) = 6*b(t) - 5*m(t). What are the prime factors of a(-6)?
3, 7
Suppose 0 = -0*h + 2*h - 6. Suppose h*a - 4 = 38. What are the prime factors of a?
2, 7
Let a = 71 - 66. Suppose a*n - 5*z - 77 = 458, -5*n + 2*z + 520 = 0. What are the prime factors of n?
2, 3, 17
Suppose -h + g + 441 = 3*h, -3*h + 333 = -3*g. List the prime factors of h.
2, 5, 11
List the prime factors of (1668/21 + 36/(-6))*7.
2, 257
Let g = 1 + 1. Let c(r) = 5 - g + 0 + r. List the prime factors of c(7).
2, 5
Let r = 18 + -13. Suppose r*v - 16 = -76. Let z(b) = b**2 + 7*b - 9. List the prime factors of z(v).
3, 17
Suppose -3*a + 1587 = 3*p, 5*p = -131*a + 132*a + 2621. What are the prime factors of p?
3, 5, 7
Suppose -3*n + 4*p = -6, n - 2*n + 3*p + 2 = 0. Suppose -3*z + 7 = -n. Suppose 6 = z*b + 15, 4*l + 2*b = 62. What are the prime factors of l?
17
Let q(t) = t**2 - 7*t + 14. Let g be q(5). Let b(n) = 36*n - 6. List the prime factors of b(g).
2, 3, 23
Let t = 1675 + -1042. List the prime factors of t.
3, 211
Let d(n) = 3*n**3 + 27*n**2 - 45*n + 30. Let g(l) = -l**3 - 9*l**2 + 15*l - 10. Let k(m) = -3*d(m) - 8*g(m). List the prime factors of k(-11).
67
Suppose 0 = -u + 9 - 8. What are the prime factors of u/4*1*113*4?
113
Suppose 5*r + 0 - 260 = 0. Let v = -87 + r. List the prime factors of (-2)/7 - 360/v.
2, 5
Let d = 67 + -3. Let t = d + -26. List the prime factors of t.
2, 19
Let q(p) = p**3 + 5*p**2 - 8*p + 10. Let n be q(-5). Suppose n*v + 1482 = 56*v. List the prime factors of v.
13, 19
Let c(z) = 1 + 88*z**2 - z + 0*z**2 - 16*z**2. Let l(b) = -2*b - 1. Let y be l(-1). What are the prime factors of c(y)?
2, 3
Let s(y) = 5*y**2 - 3*y + 3. Let g be (-3)/((-36)/16)*3. Suppose -g*f = -0*f - 8. List the prime factors of s(f).
17
List the prime factors of 3281 - (1 + (-15)/(-5)).
29, 113
Suppose 0 = -6*h + 19 - 1. Suppose 4*l - 2*r = 268, h*r - 5*r = -5*l + 336. What are the prime factors of l?
2, 17
Suppose 3*x = 3*n - 87, -x + 0 - 38 = -4*n. Suppose 2*i + 2 = 4*j - 10, -2*i = 3*j - 16. List the prime factors of i/(((-3)/x)/3).
2, 13
Let p = -62 + 67. Suppose p*c = -3*m + 214, -7*m + 4*m = c - 230. What are the prime factors of m?
2, 3, 13
Suppose -y = 5*y - 636. Let j = y - -7. List the prime factors of j.
113
Suppose 14*v = 16537 - 3475. List the prime factors of v.
3, 311
Let g(r) = r**2 - r - 1. Let p(k) = 8*k**2 - 9. Let z(q) = -6*g(q) + p(q). What are the prime factors of z(5)?
7, 11
Let g(l) = l**3 - 7*l**2 - 10*l - 15. Let p(y) be the first derivative of y**3/3 - 15*y**2/2 - 7*y + 14. Let c be p(16). What are the prime factors of g(c)?
3, 19
Let m = 1 + 2. Suppose -2*t = 5*p - 59, m*p + 7 = t + p. List the prime factors of t.
17
Let y(j) = 4*j + 51. Let v be y(-12). Suppose w + v*m - 180 = 0, w - 279 + 107 = -m. List the prime factors of w.
2, 3, 7
Let k(z) = 0*z + 0*z - z + 25. Let a be (-2)/(-3) + (-14)/21. List the prime factors of k(a).
5
Suppose -601*y + 10855 = -596*y. List the prime factors of y.
13, 167
Let g = -12 + 13. Let i(z) = z**2 - 2*z + 1. Let v be i(g). Suppose -2*f - 5*b + 39 = -0*b, 2*f - 4*b - 84 = v. What are the prime factors of f?
2
Let n(m) = -m**3 - 6*m**2. Suppose 0 = k + 6 - 0. Let v be n(k). Suppose -16 = -x - v. List the prime factors of x.
2
List the prime factors of (-1)/(-3) - 16960/(-96).
3, 59
Let a = -728 + 418. Let r(m) = -m**3 - 7*m**2 + 3*m + 5. Let p be r(-7). What are the prime factors of a/(-8) + (-4)/p?
3, 13
Let s(q) = -6*q - 4. Let r(n) = n**2 - 5*n - 13. Let m be r(6). List the prime factors of s(m).
2, 19
Let d(r) = -204*r - 160. What are the prime factors of d(-8)?
2, 23
Suppose 5*q = 6*q - 2. Let j be 642/(-27) - q/9. Let y = j + 35. What are the prime factors of y?
11
Let v(z) = 448*z**3 - 4*z**2 + 10*z - 6. What are the prime factors of v(1)?
2, 7
Let j(u) = 2*u**3 - 52*u**2 - 12*u + 42. Let d(c) = c**3 - 26*c**2 - 6*c + 21. Let b(f) = -9*d(f) + 4*j(f). List the prime factors of b(26).
3, 5
Suppose -51*p + 2401 = -44*p. List the prime factors of p.
7
Let a(d) = 347*d**3 + 3*d**2 - 2. What are the prime factors of a(1)?
2, 3, 29
Let a(d) = -17*d - 1. Let p(y) = -8*y - 1. Let l(f) = -2*a(f) + 5*p(f). Suppose -2*c = -671 + 687. What are the prime factors of l(c)?
3, 5
Let o = 171 + -41. Let a = 200 - o. List the prime factors of a.
2, 5, 7
Let i(s) = s**2 + 16*s + 42. List the prime factors of i(18).
2, 3, 109
Let g(q) = -q**3 - 7*q**2 - 2*q - 20. Let o be g(-7). What are the prime factors of ((-2)/3)/(o/(1155 - 3))?
2
Let t = 60 + -58. Suppose -3*y = 2 - 11. Suppose -t*c = y*l - 3*c - 98, 2*l - 5*c = 87. List the prime factors of l.
31
Let l = 8 - -1. Let o = -6 + l. Suppose -2*m + 32 = -i, 4*i + 48 = o*m - 0*i. What are the prime factors of m?
2
Suppose 9*f - 1624 = -2*n + 8*f, 3*f = -5*n + 4059. What are the prime factors of n?
3, 271
Let w be 1 - 4/(-8)*6. Suppose -2*o - 430 = -w*d, -d + 4*o + 325 = 2*d. What are the prime factors of d?
107
Let g = 7605 - 959. What are the prime factors of g?
2, 3323
Let y(x) be the first derivative of x**3/3 + 3*x**2/2 - 7*x + 6. Let j be y(-5). Suppose -j*b = -8*b + 235. List the prime factors of b.
47
Let m(g) = 2*g**3 - 2*g**2 - 3*g. Let a(n) = -n - 12. Let w be a(-15). List the prime factors of m(w).
3
Let m = 12 + -12. Let y be -1*(-2 - (46 - m)). Suppose 0 = -4*w - 5*i - 36 + 120, -4*i = 2*w - y. List the prime factors of w.
2
Let q(h) = -46*h - 134. What are the prime factors of q(-12)?
2, 11, 19
Suppose -67 = 2*y - 59. Let g(f) = -6*f**2 + 5*f + 3. Let d(o) = 2*o**2 - 2*o - 1. Let c(b) = -8*d(b) - 3*g(b). List the prime factors of c(y).
3
Let v(x) = x**3 - x**2 - 5*x + 3. Let q be v(3). Let u = 11 + q. List the prime factors of u.
17
Suppose -3*x = -4*t, 2*x = 8*t - 3*t. List the prime factors of (-1*12)/4 + 104 + t.
101
Let w be 2/(-5) - 2/(-5)*1. Suppose 0*n - 3*n - 5*k + 576 = w, n - 3*k = 178. List the prime factors of n.
11, 17
Suppose 20*t - 4*i = 16*t + 1164, 2*i = -2*t + 598. List the prime factors of t.
5, 59
Let r = 482 + -140. What are the prime factors of r?
2, 3, 19
Let v = -288 + 732. What are the prime factors of v?
2, 3, 37
Let p = -881 - -1879. What are the prime factors of p?
2, 499
Suppose -4*v = -0*v - 268. Suppose 3*t = 2*t + 4*y + 3, -v = -4*t + 5*y. What are the prime factors of t?
23
Let j(m) = 31*m - 17. List the prime factors of j(6).
13
Let s(f) = -96*f + 231. List the prime factors of s(-13).
3, 17, 29
Let k = 111 + -106. Let g = 5 - 2. Suppose t = -g*t - k*w + 98, -w = -3*t + 64. List the prime factors of t.
2, 11
Suppose -5*d + 11*d = 1488. Suppose -7*u + 46 = -d. List the prime factors of u.
2, 3, 7
Suppose 11 = 3*h - 7. Let f(x) = x**3 - 5*x**2 - x + 12. Let l be f(5). Suppose 27 = -h*p + l*p. List the prime factors of p.
3
Let h(p) = -p**3 - 10*p**2 - 4*p - 4. Suppose 2*f - 35 = 6*f - n, -4*f - 30 = -2*n. What are the prime factors of h(f)?
2, 3
Let b = 68 + -65. What are the prime factors of ((-90)/25)/(b/(-120))?
2, 3
Let x(o) = -5*o + 90 - 9 + 10. List the prime factors of x(0).
7, 13
Let l = -1043 - -1510. List the prime factors of l.
467
Let i(j) = 4*j**3 + 2*j**2 - 7*j - 2. List the prime factors of i(4).
2, 3, 43
Let v(b) = 164*b + 237. List the prime factors of v(